ommon divisor of 179382 and 42?
42
What is the highest common factor of 2006 and 40018?
34
Calculate the highest common divisor of 6027 and 610449.
861
Calculate the highest common factor of 115131 and 9.
3
Calculate the highest common divisor of 4725 and 27972.
189
Calculate the highest common divisor of 158496 and 260.
52
Calculate the highest common factor of 460 and 475732.
92
What is the highest common factor of 10536 and 144?
24
Calculate the greatest common factor of 9720 and 730.
10
What is the greatest common divisor of 361928 and 14?
14
Calculate the greatest common factor of 183647 and 268.
67
Calculate the greatest common divisor of 1032 and 13975.
43
What is the greatest common divisor of 12 and 41976?
12
What is the greatest common factor of 1340 and 3400?
20
What is the highest common factor of 2961 and 72756?
423
Calculate the highest common divisor of 15308 and 41452.
172
What is the highest common factor of 66 and 38071?
11
What is the highest common factor of 3665586 and 106?
106
What is the highest common factor of 25360 and 634?
634
Calculate the greatest common factor of 21420 and 30.
30
What is the greatest common factor of 312 and 2222064?
312
Calculate the highest common divisor of 2200 and 201575.
275
What is the highest common factor of 383467 and 7?
7
Calculate the greatest common factor of 334690 and 110.
10
What is the greatest common divisor of 258372 and 72?
36
Calculate the greatest common divisor of 711951 and 258.
129
What is the greatest common factor of 457 and 32?
1
Calculate the greatest common divisor of 403 and 7347.
31
Calculate the greatest common factor of 6989940 and 30.
30
What is the highest common divisor of 4301 and 161?
23
What is the highest common factor of 545984 and 76?
76
What is the highest common factor of 1500 and 4825500?
1500
What is the greatest common factor of 883352 and 8?
8
Calculate the greatest common divisor of 540 and 6492.
12
What is the highest common factor of 97185 and 1595?
55
What is the greatest common divisor of 5077 and 253?
1
What is the highest common factor of 153 and 5865?
51
Calculate the greatest common factor of 30361 and 9215.
97
What is the highest common divisor of 9972 and 1476?
36
Calculate the greatest common factor of 2496 and 27528.
24
What is the highest common factor of 270733 and 79?
79
What is the greatest common divisor of 9114 and 26166?
294
What is the greatest common factor of 1144 and 4862?
286
What is the greatest common factor of 424 and 102025?
53
What is the highest common divisor of 782 and 15226?
46
Calculate the greatest common factor of 23808 and 62.
62
Calculate the highest common factor of 8968 and 328512.
472
What is the greatest common divisor of 4240 and 77600?
80
Calculate the greatest common divisor of 123634 and 14.
14
What is the highest common factor of 1082827 and 59?
59
Calculate the greatest common divisor of 161414 and 44.
22
Calculate the highest common divisor of 125508 and 48.
12
Calculate the highest common factor of 1398884 and 16479.
1831
What is the greatest common divisor of 960 and 126960?
240
What is the greatest common divisor of 30 and 512550?
30
What is the highest common factor of 2084 and 14?
2
Calculate the highest common divisor of 22684 and 159.
53
Calculate the highest common factor of 949 and 22334.
13
Calculate the greatest common factor of 1424 and 7387.
89
Calculate the greatest common factor of 123741 and 54.
27
Calculate the highest common factor of 2350 and 6475.
25
Calculate the highest common divisor of 2327637 and 507.
507
What is the greatest common factor of 268080 and 75?
15
What is the greatest common factor of 48000 and 289500?
1500
What is the greatest common divisor of 7 and 280259?
7
Calculate the highest common factor of 580 and 111157.
29
Calculate the highest common divisor of 7512 and 13128.
24
What is the greatest common factor of 120824 and 176?
88
What is the highest common factor of 58 and 3413?
1
What is the highest common divisor of 288226 and 33338?
422
Calculate the highest common divisor of 466 and 246514.
466
Calculate the highest common divisor of 7939 and 27659.
17
What is the highest common divisor of 1299188 and 374?
22
Calculate the highest common divisor of 2204 and 3712.
116
What is the greatest common factor of 130 and 115895?
65
What is the greatest common factor of 6 and 128176?
2
What is the highest common divisor of 31466 and 2?
2
What is the greatest common factor of 81797 and 1256?
157
Calculate the greatest common factor of 152296 and 1.
1
Calculate the greatest common factor of 16473 and 456.
57
Calculate the highest common factor of 44955 and 444.
111
What is the highest common factor of 6417 and 7659?
207
Calculate the highest common factor of 14 and 103495.
7
What is the highest common factor of 150 and 409350?
150
Calculate the highest common divisor of 132 and 47036.
44
What is the highest common divisor of 10448 and 144?
16
Calculate the greatest common factor of 8 and 4303.
1
What is the highest common divisor of 126 and 896?
14
Calculate the highest common factor of 62090 and 245.
35
What is the highest common factor of 415509 and 172?
43
What is the greatest common factor of 418 and 19514?
22
What is the highest common divisor of 138760 and 160?
40
Calculate the greatest common divisor of 320 and 648080.
80
Calculate the highest common factor of 90 and 148275.
45
Calculate the greatest common divisor of 271770 and 30.
30
What is the highest common factor of 168 and 82040?
56
What is the greatest common factor of 32 and 14408?
8
What is the highest common factor of 499 and 75349?
499
Calculate the highest common divisor of 13 and 1536457.
13
Calculate the greatest common divisor of 63 and 404.
1
Calculate the highest common factor of 2080 and 15860.
260
What is the greatest common factor of 277839 and 6?
3
What is the highest common factor of 5265 and 397305?
405
Calculate the greatest common divisor of 884 and 47073.
221
Calculate the highest common divisor of 363 and 67155.
363
Calculate the highest common factor of 124 and 192448.
124
What is the highest common divisor of 2528 and 302254?
158
What is the greatest common divisor of 32175 and 3795?
165
What is the greatest common divisor of 2048 and 8320?
128
What is the greatest common divisor of 1525514 and 346?
346
What is the highest common divisor of 48 and 37776?
48
Calculate the highest common divisor of 22 and 204963.
11
Calculate the greatest common factor of 7128 and 168993.
297
Calculate the highest common factor of 122 and 106811.
61
Calculate the greatest common divisor of 370 and 29674.
74
Calculate the highest common divisor of 185085 and 810.
405
Calculate the greatest common factor of 465 and 2895.
15
Calculate the greatest common divisor of 585 and 193869.
117
What is the highest common divisor of 47 and 1504?
47
What is the highest common factor of 1310883 and 21?
21
What is the highest common divisor of 86 and 134?
2
Calculate the highest common divisor of 63 and 70098.
21
Calculate the greatest common factor of 759 and 276.
69
What is the highest common divisor of 251943 and 411?
411
What is the greatest common divisor of 83284 and 940?
188
Calculate the highest common factor of 462 and 118503.
231
Calculate the highest common divisor of 752 and 426704.
16
Calculate the greatest common factor of 1020 and 142460.
340
Calculate the greatest common factor of 23334 and 492.
6
Calculate the greatest common factor of 275385 and 165.
165
What is the greatest common divisor of 380 and 17730?
10
What is the highest common factor of 8 and 83098?
2
What is the highest common divisor of 23180 and 1830?
610
What is the greatest common divisor of 216249 and 165?
33
Calculate the greatest common divisor of 1563 and 12.
3
Calculate the highest common factor of 335 and 32.
1
What is the highest common divisor of 40373 and 94?
47
What is the greatest common divisor of 1209 and 25233?
39
What is the greatest common factor of 10057 and 11392?
89
Calculate the highest common divisor of 100639 and 1232.
77
Calculate the highest common factor of 446 and 18509.
223
Calculate the highest common factor of 56811 and 2610.
87
Calculate the greatest common factor of 12644 and 348.
116
Calculate the g